, what is 5866f + d?
5867c
In base 15, what is -53a9d - -277?
-53826
In base 10, what is -70490 + 249?
-70241
In base 6, what is -41504012 + -12?
-41504024
In base 9, what is 12 - 121236?
-121224
In base 13, what is 2 - 5bcb79b0?
-5bcb79ab
In base 2, what is -1100000100001100110 - -1110110100?
-1100000010010110010
In base 3, what is -100 - 2202121110101?
-2202121110201
In base 6, what is 10 + 252535023?
252535033
In base 6, what is 2212041221 - 5?
2212041212
In base 10, what is -588 + 14616?
14028
In base 14, what is 222 - 28d27?
-28b05
In base 10, what is 1 + -18319495?
-18319494
In base 5, what is -1324233 - -1402?
-1322331
In base 2, what is -100 - 100101101110101000001000001?
-100101101110101000001000101
In base 10, what is 418225 - -39?
418264
In base 13, what is -652bc38 + 0?
-652bc38
In base 4, what is 3303131 - 1011111?
2232020
In base 16, what is 781b - 1c5?
7656
In base 9, what is 1403451014 + -3?
1403451011
In base 7, what is 43 + 1623415?
1623461
In base 10, what is 153 + -6131?
-5978
In base 4, what is 32230231 - 13?
32230212
In base 4, what is 30302 - 122302?
-32000
In base 7, what is -30 + -222645?
-223005
In base 10, what is 18349145 - 4?
18349141
In base 16, what is 4 - 7fb33c1?
-7fb33bd
In base 3, what is 110020001022 - -200?
110020001222
In base 11, what is 14570a11 - 4?
14570a08
In base 8, what is 3 - -31340011?
31340014
In base 12, what is -910bb82 + 2?
-910bb80
In base 16, what is -653 + -8f4?
-f47
In base 4, what is 123130003102 + 1?
123130003103
In base 7, what is -624 - 101465333?
-101466260
In base 14, what is -86a9 + 3589?
-5120
In base 14, what is -63b + 66ada?
6649d
In base 14, what is -39cc0 - -45?
-39c79
In base 3, what is 1200 + -10120111201?
-10120110001
In base 2, what is 10000011100 - 11111110001?
-1111010101
In base 11, what is -142583a - 4?
-1425843
In base 12, what is -a7 - 1a902?
-1a9a9
In base 9, what is 124325 + -18288?
105026
In base 5, what is -201 + 31310044?
31304343
In base 7, what is 4 - 52235236?
-52235232
In base 10, what is 95265530 - 3?
95265527
In base 4, what is -12202323111020 - 11?
-12202323111031
In base 6, what is 5 + -10340150423?
-10340150414
In base 9, what is -5 - 582501275?
-582501281
In base 16, what is -21179 - 19b?
-21314
In base 4, what is -110212 + 1021301?
311023
In base 10, what is 0 + -2918747?
-2918747
In base 9, what is 123 - 148227?
-148104
In base 8, what is -36341 - 1411?
-37752
In base 5, what is -100131 - 310?
-100441
In base 6, what is -5 - -2412031300?
2412031251
In base 12, what is -7a + -2796a4a?
-2796b08
In base 14, what is 64a - -4a2c?
5278
In base 10, what is -2659 + -3190?
-5849
In base 11, what is -a - 8a9a34?
-8a9a43
In base 7, what is -114511521 - 6?
-114511530
In base 13, what is -3 - c2cc4?
-c2cc7
In base 4, what is -10 + 1011210301303?
1011210301233
In base 14, what is -300a381 + -4?
-300a385
In base 8, what is 0 + -6412505?
-6412505
In base 7, what is 23 + 226662?
230015
In base 5, what is -130 + 1303012020?
1303011340
In base 15, what is 19b37 + 7a9?
1a3e1
In base 8, what is -4 - -1505243252?
1505243246
In base 13, what is -40 - 61c79?
-61cb9
In base 16, what is 171 + 1531?
16a2
In base 2, what is 0 + -11010011100000101101101?
-11010011100000101101101
In base 16, what is 45c7 + 37?
45fe
In base 5, what is -21244311 + 20?
-21244241
In base 9, what is 382556 - -1463?
384130
In base 3, what is -202000110112200022 + 11?
-202000110112200011
In base 4, what is -11 + -3002332?
-3003003
In base 8, what is 2021537 - -27?
2021566
In base 7, what is -20633266 - -1002?
-20632264
In base 10, what is -3191 + 42611?
39420
In base 10, what is 10467260 + -3?
10467257
In base 13, what is -140 + -82151?
-82291
In base 3, what is -20111211 - -12011222201?
11221110220
In base 8, what is 2071257 - -15?
2071274
In base 7, what is 20130 - -1251?
21411
In base 10, what is -643075 + 12?
-643063
In base 3, what is 2022221012101201 + 101?
2022221012102002
In base 4, what is 1 + 11112131113101?
11112131113102
In base 10, what is 76949 + 1612?
78561
In base 13, what is 5 - -1c47c97c?
1c47c984
In base 10, what is -4113 - 8303?
-12416
In base 4, what is 11000323220 - 311?
11000322303
In base 3, what is -12 - 112002200012220212?
-112002200012221001
In base 7, what is 0 - -1645456433?
1645456433
In base 3, what is 10 - -10020002012201021?
10020002012201101
In base 14, what is -313458 - -d?
-313449
In base 11, what is -30 + a92370?
a92340
In base 7, what is -4643122 + 545?
-4642244
In base 6, what is 33413035350 - 4?
33413035342
In base 9, what is 1 + -16446684?
-16446683
In base 14, what is 2dc + -a7263?
-a6d65
In base 16, what is 2c01 + -154c?
16b5
In base 5, what is 31131 + -13301110?
-13214424
In base 10, what is 195515818 + 2?
195515820
In base 2, what is -10 - 11111100001101111100000011?
-11111100001101111100000101
In base 6, what is -110023524 + -24?
-110023552
In base 4, what is 1221021133013 - -2?
1221021133021
In base 11, what is 35 - -149759?
149793
In base 2, what is 100010111001001101 + -1010011?
100010110111111010
In base 10, what is 107802 + 53?
107855
In base 6, what is -140232120350 - 5?
-140232120355
In base 3, what is 2 - -1100222221222?
1100222222001
In base 16, what is 1fd3 - -cfa?
2ccd
In base 10, what is -44 - -496374?
496330
In base 16, what is -d - 97532?
-9753f
In base 3, what is 12012 + 10122122111011?
10122122200100
In base 9, what is -482 + -6111?
-6603
In base 9, what is -4 + -518782?
-518786
In base 10, what is 5 + -78210914?
-78210909
In base 15, what is -2 - -4b853d?
4b853b
In base 14, what is b + -173c96?
-173c89
In base 6, what is 1025 + -1152400?
-1151331
In base 2, what is -101111011011110111101011001 - -101?
-101111011011110111101010100
In base 11, what is 454 - 6904?
-6460
In base 4, what is -2111331031 + -12020?
-2112003111
In base 13, what is 220938c - -4?
2209393
In base 10, what is 4 + -30631951?
-30631947
In base 14, what is a - 27633aa?
-27633a0
In base 11, what is -17 + 624385?
624369
In base 7, what is 26430106 + 34?
26430143
In base 9, what is 4 - 872548?
-872544
In base 13, what is -4952ca4 - 1?
-4952ca5
In base 5, what is -1124 + -2144104221?
-2144110400
In base 9, what is -1 + -23265721?
-23265722
In base 11, what is 17255 + -a87?
16279
In base 2, what is 10001111101101 + 1001001?
10010000110110
In base 2, what is 11001001010001 + -111101100101?
10001011101100
In base 6, what is 51055553503 + 4?
51055553511
In base 12, what is -12 - 198104?
-198116
In base 11, what is 471 + -10829?
-10368
In base 16, what is 3b + -49ec6?
-49e8b
In base 4, what is 303332211203 + 3?
303332211212
In base 16, what is 89c78 + -101?
89b77
In base 6, what is 1441 + 1114513?
1120354
In base 11, what is -24 + -456757?
-456780
In base 11, what is -2 + -1464005?
-1464007
In base 12, what is -19 + -44716b?
-447188
In base 16, what is -1171a1bb + -1?
-1171a1bc
In base 4, what is 3330 + -13000?
-3010
In base 13, what is 6 - 150bbc7?
-150bbc1
In base 10, what is 7 - -107236031?
107236038
In base 16, what is eac - -64f?
14fb
In base 8, what is 2 - -61403141?
61403143
In base 16, what is b754 + 37?
b78b
In base 10, what is -3408804 - 0?
-3408804
In base 3, what is -2012002101200 - 2002?
-2012002110202
In base 12, what is -83935 + 8a?
-83867
In base 15, what is -ca6e - -18?
-ca56
In base 7, what is 6066 - -35603?
45002
In base 13, what is 341a2c + -a6?
341956
In base 3, what is -101022002100002 - -12000?
-101022002011002
In base 7, what is 3 - -10102?
10105
In base 14, what is a + -1c63c1?
-1c63b5
In base 10, what is 37 - 18554461?
-18554424
In base 13, what is -163b8 + -1325?
-17710
In base 10, what is -140 - -7340?
7200
In base 8, what is 1 - 55506075?
-55506074
In base 13, what is 323 - -50c?
832
In base 11, what is 3049a55 - -2?
3049a57
In base 2, what is -10110111111011010010000 - 101?
-10110111111011010010101
In base 2, what is -101010100 + 1111000110011011?
1111000001000111
In base 13, what is 45b6 + 32c?
4915
In base 10, what is 43936 + 1316?
45252
In base 10, what is 49866686 + -5?
49866681
In base 3, what is 10121010022 + 2110?
10121012202
In base 3, what is -121210022022 + -1202?
-121210101001
In base 9, what is 11822703 + -4?
11822688
In base 14, what is 0 - 4566a6?
-4566a6
In base 10, what is -35 - 780596?
-780631
In base 3, what is 22211222 - -201221?
